{"id":969,"date":"2021-08-15T19:55:41","date_gmt":"2021-08-15T22:55:41","guid":{"rendered":"http:\/\/rotisseriemartins.com.br\/?post_type=product&#038;p=969"},"modified":"2025-07-22T16:07:27","modified_gmt":"2025-07-22T19:07:27","slug":"canelone-ao-sugo","status":"publish","type":"product","link":"https:\/\/rotisseriemartins.com.br\/index.php\/product\/canelone-ao-sugo\/","title":{"rendered":"Ravioli de Espinafre com Queijo"},"content":{"rendered":"<p>Ravioli massa de Espinafre, recheio de Queijo, contem 500g serve de 2 a 3 pessoas,<\/p>\n<p>j\u00e1 cozido s\u00f3 acrescentar o molho de sua prefer\u00eancia<\/p>\n","protected":false},"excerpt":{"rendered":"<p>Ravioli massa de Espinafre, recheio de Queijo, contem 500g serve de 2 a 3 pessoas, j\u00e1 cozido s\u00f3 acrescentar o molho de sua prefer\u00eancia<\/p>\n","protected":false},"featured_media":1161,"comment_status":"open","ping_status":"closed","template":"","meta":[],"product_cat":[51],"product_tag":[],"class_list":{"0":"post-969","1":"product","2":"type-product","3":"status-publish","4":"has-post-thumbnail","6":"product_cat-massas-italiana","8":"entry","9":"has-media","11":"first","12":"outofstock","13":"shipping-taxable","14":"purchasable","15":"product-type-simple","16":"has-product-nav","17":"col","18":"span_1_of_3","19":"owp-content-center","20":"owp-thumbs-layout-horizontal","21":"owp-btn-normal","22":"owp-tabs-layout-horizontal","23":"has-no-thumbnails"},"_links":{"self":[{"href":"https:\/\/rotisseriemartins.com.br\/index.php\/wp-json\/wp\/v2\/product\/969"}],"collection":[{"href":"https:\/\/rotisseriemartins.com.br\/index.php\/wp-json\/wp\/v2\/product"}],"about":[{"href":"https:\/\/rotisseriemartins.com.br\/index.php\/wp-json\/wp\/v2\/types\/product"}],"replies":[{"embeddable":true,"href":"https:\/\/rotisseriemartins.com.br\/index.php\/wp-json\/wp\/v2\/comments?post=969"}],"wp:featuredmedia":[{"embeddable":true,"href":"https:\/\/rotisseriemartins.com.br\/index.php\/wp-json\/wp\/v2\/media\/1161"}],"wp:attachment":[{"href":"https:\/\/rotisseriemartins.com.br\/index.php\/wp-json\/wp\/v2\/media?parent=969"}],"wp:term":[{"taxonomy":"product_cat","embeddable":true,"href":"https:\/\/rotisseriemartins.com.br\/index.php\/wp-json\/wp\/v2\/product_cat?post=969"},{"taxonomy":"product_tag","embeddable":true,"href":"https:\/\/rotisseriemartins.com.br\/index.php\/wp-json\/wp\/v2\/product_tag?post=969"}],"curies":[{"name":"wp","href":"https:\/\/api.w.org\/{rel}","templated":true}]}}