{"id":1128,"date":"2025-07-08T18:55:31","date_gmt":"2025-07-08T21:55:31","guid":{"rendered":"https:\/\/rotisseriemartins.com.br\/?post_type=product&#038;p=1128"},"modified":"2025-07-08T19:10:51","modified_gmt":"2025-07-08T22:10:51","slug":"talharim-ao-sugo-bacon-cheddar-requeijao-porcao-unica350g","status":"publish","type":"product","link":"https:\/\/rotisseriemartins.com.br\/index.php\/product\/talharim-ao-sugo-bacon-cheddar-requeijao-porcao-unica350g\/","title":{"rendered":"Talharim Bacon"},"content":{"rendered":"<p>Talharim ao Sugo Bacon, Cheddar, Requeij\u00e3o ( por\u00e7\u00e3o \u00fanica)350g<br \/>\n350g serve 1 pessoa.<br \/>\nJ\u00e1 Pronta para o Consumo<\/p>\n","protected":false},"excerpt":{"rendered":"<p>Talharim ao Sugo Bacon, Cheddar, Requeij\u00e3o ( por\u00e7\u00e3o \u00fanica)350g 350g serve 1 pessoa. J\u00e1 Pronta para o Consumo<\/p>\n","protected":false},"featured_media":1056,"comment_status":"open","ping_status":"closed","template":"","meta":[],"product_cat":[51],"product_tag":[],"class_list":{"0":"post-1128","1":"product","2":"type-product","3":"status-publish","4":"has-post-thumbnail","6":"product_cat-massas-italiana","8":"entry","9":"has-media","11":"first","12":"outofstock","13":"shipping-taxable","14":"purchasable","15":"product-type-simple","16":"has-product-nav","17":"col","18":"span_1_of_3","19":"owp-content-center","20":"owp-thumbs-layout-horizontal","21":"owp-btn-normal","22":"owp-tabs-layout-horizontal","23":"has-no-thumbnails"},"_links":{"self":[{"href":"https:\/\/rotisseriemartins.com.br\/index.php\/wp-json\/wp\/v2\/product\/1128"}],"collection":[{"href":"https:\/\/rotisseriemartins.com.br\/index.php\/wp-json\/wp\/v2\/product"}],"about":[{"href":"https:\/\/rotisseriemartins.com.br\/index.php\/wp-json\/wp\/v2\/types\/product"}],"replies":[{"embeddable":true,"href":"https:\/\/rotisseriemartins.com.br\/index.php\/wp-json\/wp\/v2\/comments?post=1128"}],"wp:featuredmedia":[{"embeddable":true,"href":"https:\/\/rotisseriemartins.com.br\/index.php\/wp-json\/wp\/v2\/media\/1056"}],"wp:attachment":[{"href":"https:\/\/rotisseriemartins.com.br\/index.php\/wp-json\/wp\/v2\/media?parent=1128"}],"wp:term":[{"taxonomy":"product_cat","embeddable":true,"href":"https:\/\/rotisseriemartins.com.br\/index.php\/wp-json\/wp\/v2\/product_cat?post=1128"},{"taxonomy":"product_tag","embeddable":true,"href":"https:\/\/rotisseriemartins.com.br\/index.php\/wp-json\/wp\/v2\/product_tag?post=1128"}],"curies":[{"name":"wp","href":"https:\/\/api.w.org\/{rel}","templated":true}]}}